isor of 1605912 and 210.
42
Calculate the greatest common factor of 51030 and 126.
126
What is the greatest common divisor of 43373 and 11?
11
Calculate the highest common factor of 312 and 30108.
156
Calculate the highest common divisor of 2703814 and 342.
38
Calculate the greatest common factor of 377 and 59293.
13
Calculate the highest common divisor of 1384 and 581972.
692
Calculate the greatest common factor of 82448 and 16.
16
What is the greatest common factor of 396 and 49676?
44
What is the highest common divisor of 4795 and 9485?
35
Calculate the greatest common factor of 55042 and 116.
58
What is the greatest common divisor of 4332 and 21964?
76
Calculate the highest common divisor of 294 and 29057.
49
Calculate the highest common divisor of 76855 and 3236.
809
Calculate the greatest common factor of 792 and 82302.
66
Calculate the greatest common factor of 390 and 1540.
10
What is the highest common factor of 78 and 8138?
26
Calculate the highest common factor of 649 and 627583.
649
What is the greatest common factor of 3 and 56841?
3
Calculate the greatest common factor of 10421 and 102371.
613
What is the greatest common factor of 671 and 1037?
61
What is the highest common factor of 20 and 44680?
20
Calculate the highest common factor of 11693 and 11.
11
What is the highest common divisor of 6321 and 4557?
147
What is the greatest common divisor of 44750 and 1432?
358
Calculate the greatest common divisor of 141 and 16873.
47
Calculate the highest common factor of 158 and 51113.
79
Calculate the highest common divisor of 1272 and 113844.
636
What is the highest common factor of 5087 and 1?
1
Calculate the greatest common factor of 1567807 and 59.
59
What is the greatest common divisor of 248731 and 28?
7
What is the highest common divisor of 990 and 6990?
30
Calculate the highest common divisor of 7108 and 16.
4
What is the highest common factor of 6494 and 3400?
34
Calculate the greatest common divisor of 10444 and 224.
28
What is the highest common factor of 1026 and 187245?
513
Calculate the greatest common divisor of 14240 and 230.
10
What is the highest common factor of 356 and 235672?
356
What is the highest common factor of 2338564 and 356?
356
Calculate the highest common factor of 62 and 424421.
31
What is the greatest common divisor of 5775850 and 100?
50
What is the highest common factor of 1482 and 13170?
6
What is the highest common factor of 48 and 27012?
12
What is the greatest common factor of 736 and 188807?
23
Calculate the highest common divisor of 4163 and 127786.
181
What is the highest common divisor of 65796 and 168?
12
Calculate the greatest common factor of 81333 and 189.
63
What is the highest common divisor of 14146 and 506?
22
Calculate the highest common divisor of 79743 and 3306.
57
Calculate the greatest common divisor of 17115 and 2205.
105
Calculate the greatest common divisor of 472 and 1402312.
472
What is the greatest common divisor of 9 and 4067?
1
What is the highest common factor of 6557 and 21497?
83
Calculate the greatest common divisor of 91689 and 819.
39
Calculate the highest common factor of 52872 and 120.
24
What is the highest common factor of 53256 and 3696?
168
What is the highest common factor of 249479 and 2219?
317
Calculate the greatest common divisor of 318534 and 6.
6
Calculate the highest common divisor of 128 and 206656.
64
What is the greatest common factor of 128 and 327680?
128
Calculate the greatest common divisor of 795 and 165.
15
Calculate the highest common divisor of 33 and 19657.
11
Calculate the greatest common divisor of 2080 and 69056.
416
Calculate the highest common divisor of 585275 and 425.
25
Calculate the greatest common divisor of 144077 and 95.
19
What is the greatest common factor of 7812 and 42336?
252
What is the greatest common divisor of 3479 and 5325?
71
What is the highest common divisor of 128418 and 170?
34
What is the highest common factor of 33335 and 20945?
295
What is the greatest common factor of 38950 and 350?
50
Calculate the greatest common divisor of 3955 and 4136365.
565
What is the greatest common divisor of 28839 and 3?
3
What is the greatest common factor of 4025174 and 47?
47
What is the greatest common divisor of 5490 and 54450?
90
Calculate the greatest common factor of 144924 and 78.
78
What is the highest common factor of 18 and 266058?
18
Calculate the highest common factor of 196 and 20.
4
What is the greatest common factor of 68194 and 56?
14
Calculate the greatest common divisor of 346 and 495126.
346
What is the highest common factor of 332576 and 96?
32
Calculate the greatest common divisor of 35512 and 1158.
386
What is the greatest common factor of 513 and 2727?
27
What is the highest common factor of 20808 and 2754?
306
Calculate the highest common divisor of 30264 and 104.
104
What is the highest common divisor of 6023 and 9193?
317
Calculate the highest common divisor of 24050 and 78.
26
Calculate the highest common factor of 12695831 and 753.
251
Calculate the greatest common factor of 5240 and 440.
40
What is the greatest common factor of 425 and 47425?
25
Calculate the highest common factor of 11039 and 1862.
133
What is the greatest common factor of 44135 and 1715?
35
Calculate the highest common factor of 164719 and 127.
127
What is the greatest common factor of 122 and 12871?
61
Calculate the greatest common factor of 3239 and 29783.
79
What is the greatest common divisor of 27 and 827037?
27
What is the greatest common factor of 11039 and 969?
19
Calculate the highest common divisor of 9594780 and 5.
5
What is the highest common divisor of 4725 and 495?
45
What is the highest common divisor of 2166 and 2685118?
722
What is the greatest common divisor of 1436 and 44?
4
Calculate the highest common factor of 1604 and 18045.
401
What is the highest common divisor of 1679 and 6187?
23
Calculate the highest common divisor of 19114 and 247.
19
Calculate the greatest common factor of 156254 and 350.
14
Calculate the highest common factor of 16 and 425792.
16
Calculate the highest common factor of 227 and 150501.
227
What is the highest common divisor of 7531 and 45629?
443
What is the greatest common factor of 5 and 359815?
5
What is the highest common factor of 10168 and 2050?
82
Calculate the greatest common divisor of 13846 and 322.
322
Calculate the highest common factor of 3530 and 259102.
706
Calculate the highest common factor of 249909 and 11.
11
What is the greatest common factor of 20 and 233980?
20
Calculate the greatest common factor of 1505 and 41839.
301
Calculate the highest common factor of 45 and 1845.
45
Calculate the highest common factor of 2772 and 331716.
924
Calculate the greatest common divisor of 409428 and 459.
459
What is the highest common factor of 791 and 54607?
7
Calculate the greatest common factor of 200832 and 456.
24
What is the greatest common divisor of 1760 and 16918?
22
Calculate the greatest common factor of 5712 and 667352.
952
What is the highest common factor of 3567 and 52809?
87
Calculate the greatest common factor of 27572 and 1582.
226
What is the highest common factor of 1405 and 275?
5
Calculate the greatest common factor of 1 and 2521.
1
What is the highest common divisor of 2228918 and 2022?
674
Calculate the greatest common factor of 71352 and 792.
72
Calculate the greatest common divisor of 594489 and 42.
21
Calculate the greatest common divisor of 18309 and 745284.
1077
What is the highest common factor of 474 and 9?
3
What is the greatest common divisor of 52 and 2324?
4
What is the highest common factor of 28 and 254758?
14
What is the highest common divisor of 5166 and 651?
21
What is the greatest common divisor of 9723 and 42?
21
Calculate the greatest common factor of 15043 and 637.
49
What is the highest common factor of 544 and 160?
32
What is the highest common factor of 354851 and 622?
311
Calculate the greatest common divisor of 102 and 4068.
6
Calculate the greatest common factor of 1358 and 20952.
194
Calculate the highest common divisor of 8471 and 19897.
197
What is the highest common divisor of 6692 and 364?
28
What is the highest common divisor of 7128 and 84744?
792
Calculate the greatest common factor of 747 and 14359.
83
Calculate the hig